*d - 7 = z - 0. Calculate the highest common factor of z and 2.
2
Let a be (4/3)/((-4)/(-18)). Suppose -5*o + 4 = -a. What is the greatest common divisor of 5 and o?
1
Suppose -4*f + 71 + 29 = -2*u, -4*f + 96 = -u. Suppose p - 2*p + 69 = 0. Calculate the highest common factor of p and f.
23
Suppose -6*v + v = -25. Let g be (-10)/(-6) - 2/(-6). Suppose -20 = v*f, -11 = -a - f + g*f. What is the highest common factor of 21 and a?
7
Let s = 41 + 29. Let m be ((-960)/(-9))/8 - 2/(-3). Calculate the highest common factor of s and m.
14
Let y be -2*1 - 1*-35. Let j be ((-12)/9)/(3/(-27)). Suppose 3*b = -b + j. What is the greatest common factor of b and y?
3
Let o = -5 - -81. Suppose 0 + 20 = 4*q. Suppose b = 3*v - 52, 0*v = q*v + 3*b - 110. What is the highest common factor of v and o?
19
Let y = -4 - -13. Let p(b) = -b**3 + 10*b**2 - 8*b - 7. Let o be p(y). Suppose 8 = 2*k - 4. Calculate the greatest common factor of o and k.
2
Let w = 40 + -34. What is the highest common divisor of 30 and w?
6
Let x = 108 + -92. Calculate the greatest common divisor of 16 and x.
16
Let b = -55 - -61. Calculate the highest common factor of b and 24.
6
Suppose -5*d - c + 136 = 0, -d - 7*c = -2*c - 8. Let i = d - 13. What is the highest common divisor of 60 and i?
15
Suppose 0 = -3*k - 21 + 201. Let n be (-122)/(-5) + 4/(-10). Calculate the highest common factor of k and n.
12
Let t be (-3)/(-9) - (-2)/3. Let l be 4*(t - 22/(-4)). Let r be (-1 - 1) + -3 + l. What is the highest common divisor of 3 and r?
3
Let s(b) = b - 3. Suppose 4*n - 2*f = 24, -12 = -2*n - 5*f - 0*f. Let g be s(n). Suppose g*z - 60 = -2*z. What is the greatest common divisor of z and 60?
12
Let z = -2 + 6. Suppose -x - 31 = -3*w + x, -z*w + 2*x = -38. What is the greatest common factor of w and 77?
7
Let n = -3 - -5. Suppose n*m + 3*m + 292 = 2*s, 2*s = -5*m + 252. Let c be (16 - -1) + (-2 - -2). Calculate the greatest common factor of s and c.
17
Let x(q) = q**3 + 3*q + 4. Let a be x(3). Suppose 2 = b + 6, 20 = 3*j + b. Calculate the greatest common factor of j and a.
8
Let u = -5 - -6. Let o be (-7 - -2)*(0 - u). Suppose -o*b + 4*g + 59 = -2*b, -2*b = 4*g - 46. Calculate the greatest common divisor of b and 14.
7
Suppose 8 = 5*r + 33. Let h be (-764)/r + (-1)/(-5). Calculate the highest common divisor of 17 and h.
17
Suppose -2*f - 221 = -257. Calculate the greatest common factor of 90 and f.
18
Suppose h = 5*h - 16. Suppose -h*v + 0 = -96. Suppose c + 4 = 64. Calculate the highest common factor of c and v.
12
Let p be 2 - (16 - (2 + 0)). Let n be (-264)/p + 3*1. What is the greatest common factor of n and 225?
25
Suppose c + 3*f + 5 = 4, -3*c + f = -7. Suppose c*b = 7 + 53. Suppose -2*q - 3*q = -b. What is the highest common factor of 42 and q?
6
Let s = -23 - -16. Let p(y) = -3*y + 8. Let l be p(s). Let q = l - 19. Calculate the greatest common factor of 4 and q.
2
Let r(q) = -q**2 + 10*q - 8. Let h be r(8). What is the greatest common divisor of h and 32?
8
Suppose -3*m - 3*f + 24 = 2*f, -2*m + 2*f + 16 = 0. Let z(b) = b**3 - b**2 + 1. Let y be z(0). Calculate the greatest common factor of y and m.
1
Let h be (9 - -11) + 4/(-1). What is the highest common factor of h and 16?
16
Suppose -2*t = t - 18. Let d be (45/(-2))/(t/(-8)). Suppose 0*s + d = 5*s. What is the highest common divisor of 12 and s?
6
Let k(r) = 4*r - 44. Let y be k(13). Calculate the highest common divisor of y and 6.
2
Let q(r) = -r**2 + 11*r - 9. Let u be q(10). Let v be (u - (-4)/(-3))*-39. Calculate the greatest common factor of 52 and v.
13
Suppose -4*o = -3*s - 1 - 10, 4*o = 20. Suppose -s*f + 8 = -10. What is the greatest common divisor of 48 and f?
6
Suppose -2*d + 3*n + 4 = 0, d - 2*n + n = 3. Suppose 4*o - d*o = -12. Let a = 42 + 6. Calculate the highest common factor of a and o.
12
Suppose 0*t + 15 = 3*t. Calculate the highest common divisor of t and 15.
5
Let x(g) = -5*g + 14. Let q be x(-10). What is the highest common factor of 8 and q?
8
Let w = 2 + -7. Let c(y) = -y**2 - 6*y + 7. Let b be c(w). What is the highest common divisor of b and 132?
12
Suppose -15 = -5*l + 30. Suppose l - 45 = -4*k. Suppose 2*c - 67 = 5*p, -2*c + 3*p + 0*p = -69. What is the highest common factor of k and c?
9
Let c be (1 - (-5096)/44) + 6/33. What is the greatest common divisor of c and 26?
13
Let o be (-602)/(-26) - ((-18)/(-39))/3. Let w be 12/9*6/(-2). Let a(m) = -3*m**3 - 2*m**2 - 6*m. Let q be a(w). Calculate the highest common factor of o and q.
23
Let o be (-4 + 9/3)*-36. Suppose -2*l = s - 4*l - o, -s + 33 = -l. Suppose 5*r + 0 - s = 0. Calculate the highest common factor of r and 24.
6
Let b = 64 + -57. Calculate the greatest common divisor of 14 and b.
7
Suppose 0 = -5*u + 3*n + 59, -2*u + 5 = 3*n + 2*n. Let v be (-1 - -161)*(-6)/(-12). Calculate the highest common divisor of u and v.
10
Let w be 1*(-1 - -1 - -2). Suppose w*r - 265 = -3*h, 3*h + 50 = 5*r + 280. Suppose 4*z - h = -z. Calculate the greatest common divisor of 68 and z.
17
Let y be (0 - -8) + (-21)/7. Calculate the greatest common divisor of y and 45.
5
Let k(l) = 74*l - 2. Let o be k(1). Calculate the highest common factor of 48 and o.
24
Let j(s) = s + 8. Let w be j(8). Calculate the greatest common factor of 32 and w.
16
Suppose s = 2*s. Suppose s = -a - a + 28. What is the highest common factor of a and 70?
14
Suppose 68 = -4*u + 12. Let d be 0/1 + 3*1. Let c be (-66)/d*u/4. Calculate the highest common divisor of 7 and c.
7
Let t(p) = -30*p. Let j be t(-1). Let k be -1*1 + 11/1. What is the highest common divisor of k and j?
10
Let l be (-4 - (-9)/2)*4. Calculate the greatest common factor of 5 and l.
1
Suppose -21*y + 266 + 196 = 0. Let u be (30/(-4))/((-3)/44). What is the highest common divisor of y and u?
22
Suppose -l = 5*t - 36, -2*l - t = 4*t - 57. Let k be (-1*3 - -2)*-42. What is the highest common factor of k and l?
21
Let i = -10 - -18. Let a = 145 + 47. Suppose 0 = -2*y - y + a. What is the highest common divisor of y and i?
8
Let y be 4*(((-18)/(-8) - -2) + -4). What is the highest common factor of 11 and y?
1
Let k be (2 - 1)*1/(-1). Let z = -4 - k. Let q be -2 - (-15 + 6/z). Calculate the greatest common factor of 6 and q.
3
Suppose -3*c = o + 4, c + 3*o + 1 = 5. Let w be (-51)/12*10*c. Calculate the greatest common factor of w and 17.
17
Let h(w) = -w**3 - 10*w**2 - 10*w - 7. Let o be h(-9). Let a = -70 + 104. Let v = -24 + a. Calculate the highest common divisor of o and v.
2
Let g(a) = 5*a - 8. Let w be g(4). Let u be 24*-1*2/(-4). Calculate the greatest common divisor of u and w.
12
Let b = 12 - 42. Let f = 114 - b. Calculate the greatest common divisor of 18 and f.
18
Suppose -s = -0*s. Let v be -1*(2/1 - s). Let x be (-40)/6*6/v. Calculate the greatest common divisor of 30 and x.
10
Suppose 9*g + 120 = 15*g. What is the greatest common divisor of g and 80?
20
Suppose -2*u + 0*u - 3*s + 6 = 0, s + 13 = u. Suppose -3*w - 136 = -5*w + 2*h, 4*w = -2*h + 242. Calculate the highest common factor of u and w.
9
Suppose -2*t + 68 = 8. Let s = t - 21. What is the highest common divisor of s and 99?
9
Let s(w) = -w**2 + 2. Let r be s(0). Suppose -30 = -r*a - 3*a. Let v be 45/(8/a - 1). Calculate the highest common factor of 15 and v.
15
Let d(p) = -p + 20. Let f be d(4). What is the highest common divisor of f and 4?
4
Suppose 2*i - 3*i + 282 = 0. Suppose -52 = -y + 5*b + 9, 0 = 5*y - 2*b - i. Suppose 0 = -2*v - 0*v + 16. Calculate the greatest common divisor of y and v.
8
Let r(j) = 24*j**2 + j + 1. Let d = 10 + -5. Let s = d - 6. Let v be r(s). Calculate the highest common divisor of 8 and v.
8
Suppose 0*z - 5*z - 2*i + 204 = 0, 2*z - i - 78 = 0. Calculate the greatest common divisor of z and 10.
10
Let b(i) = i**3 + 5*i**2 + 3*i + 10. Let o be b(-4). What is the highest common factor of 56 and o?
14
Let h(a) = 3*a - 2. Let w be h(-3). Let o(m) = m**2 - 4*m - 11. Let j be o(w). What is the highest common factor of 14 and j?
14
Let r = -9 - -37. Let h be 1/3 - (-10)/6. Suppose 0*k - h*k + 28 = 5*j, -16 = -2*j - 2*k. What is the greatest common divisor of j and r?
4
Suppose 5*r - 58 = -18. Let g = -2 + 6. Let v be 1*-1 + 1 + g. What is the highest common factor of r and v?
4
Let x be -1 + 4 + -5 + 2. Let v(h) = h**2 + h + 5. Let f be v(x)